35
What is the remainder when 192157 is divided by 804?
1
What is the remainder when 58199 is divided by 63?
50
What is the remainder when 20324 is divided by 245?
234
What is the remainder when 1856 is divided by 780?
296
What is the remainder when 229 is divided by 223?
6
What is the remainder when 24225 is divided by 734?
3
Calculate the remainder when 5972 is divided by 130.
122
Calculate the remainder when 423 is divided by 13.
7
Calculate the remainder when 4096 is divided by 216.
208
Calculate the remainder when 14895 is divided by 7441.
13
Calculate the remainder when 770409 is divided by 770408.
1
Calculate the remainder when 10906 is divided by 988.
38
Calculate the remainder when 7910 is divided by 53.
13
Calculate the remainder when 72259 is divided by 217.
215
Calculate the remainder when 135177 is divided by 16.
9
Calculate the remainder when 919606 is divided by 11.
6
Calculate the remainder when 9188 is divided by 352.
36
What is the remainder when 13041 is divided by 16?
1
What is the remainder when 4968 is divided by 1381?
825
Calculate the remainder when 55967 is divided by 963.
113
What is the remainder when 244445 is divided by 30552?
29
Calculate the remainder when 1450 is divided by 187.
141
Calculate the remainder when 3585 is divided by 1189.
18
What is the remainder when 1642781 is divided by 30?
11
Calculate the remainder when 3599 is divided by 190.
179
Calculate the remainder when 12714377 is divided by 28.
25
Calculate the remainder when 2241 is divided by 98.
85
Calculate the remainder when 16732 is divided by 13.
1
Calculate the remainder when 11259 is divided by 90.
9
What is the remainder when 37234 is divided by 18602?
30
What is the remainder when 271753 is divided by 49?
48
What is the remainder when 1715609 is divided by 12?
5
What is the remainder when 8689 is divided by 21?
16
Calculate the remainder when 5596 is divided by 134.
102
Calculate the remainder when 22714 is divided by 7566.
16
Calculate the remainder when 11248 is divided by 2790.
88
What is the remainder when 1696 is divided by 217?
177
Calculate the remainder when 30863 is divided by 55.
8
Calculate the remainder when 12525 is divided by 2963.
673
What is the remainder when 41171 is divided by 52?
39
Calculate the remainder when 14230 is divided by 889.
6
What is the remainder when 307 is divided by 78?
73
Calculate the remainder when 3420 is divided by 1127.
39
What is the remainder when 86081 is divided by 1001?
996
Calculate the remainder when 2250 is divided by 330.
270
What is the remainder when 15658 is divided by 5?
3
What is the remainder when 358861 is divided by 712?
13
Calculate the remainder when 87938 is divided by 87869.
69
Calculate the remainder when 6091 is divided by 6032.
59
What is the remainder when 781343 is divided by 260446?
5
Calculate the remainder when 109700 is divided by 153.
152
What is the remainder when 4814279 is divided by 86?
85
What is the remainder when 1687695 is divided by 337?
336
What is the remainder when 5727 is divided by 5679?
48
Calculate the remainder when 4319 is divided by 1892.
535
Calculate the remainder when 6293 is divided by 3080.
133
Calculate the remainder when 96188 is divided by 605.
598
What is the remainder when 22589 is divided by 297?
17
What is the remainder when 10658 is divided by 534?
512
What is the remainder when 5222 is divided by 402?
398
What is the remainder when 4222 is divided by 1980?
262
Calculate the remainder when 8438 is divided by 78.
14
What is the remainder when 7594 is divided by 144?
106
Calculate the remainder when 2138 is divided by 1024.
90
What is the remainder when 6964 is divided by 86?
84
Calculate the remainder when 217543 is divided by 38.
31
What is the remainder when 129257 is divided by 53?
43
What is the remainder when 81899 is divided by 20?
19
What is the remainder when 12463 is divided by 240?
223
What is the remainder when 25506 is divided by 7?
5
Calculate the remainder when 657668 is divided by 71.
66
What is the remainder when 3359 is divided by 41?
38
What is the remainder when 253384 is divided by 161?
131
What is the remainder when 973 is divided by 64?
13
Calculate the remainder when 4893 is divided by 2440.
13
Calculate the remainder when 82788 is divided by 746.
728
Calculate the remainder when 28135 is divided by 1765.
1660
What is the remainder when 296 is divided by 26?
10
Calculate the remainder when 2937 is divided by 2932.
5
What is the remainder when 1998 is divided by 991?
16
Calculate the remainder when 227690 is divided by 856.
850
Calculate the remainder when 150581 is divided by 593.
552
What is the remainder when 48313 is divided by 117?
109
What is the remainder when 12206 is divided by 508?
14
What is the remainder when 79581 is divided by 32?
29
What is the remainder when 49615 is divided by 16491?
142
Calculate the remainder when 104778 is divided by 26.
24
What is the remainder when 178112 is divided by 29682?
20
What is the remainder when 37931 is divided by 396?
311
Calculate the remainder when 13724 is divided by 198.
62
Calculate the remainder when 4651747 is divided by 230.
227
Calculate the remainder when 344 is divided by 259.
85
What is the remainder when 202904 is divided by 7?
2
What is the remainder when 58308 is divided by 37?
33
Calculate the remainder when 4856 is divided by 762.
284
Calculate the remainder when 13475 is divided by 642.
635
What is the remainder when 2150 is divided by 1042?
66
Calculate the remainder when 3608 is divided by 180.
8
Calculate the remainder when 29501 is divided by 37.
12
What is the remainder when 4550 is divided by 206?
18
What is the remainder when 177019 is divided by 53?
52
Calculate the remainder when 273625 is divided by 159.
145
Calculate the remainder when 2690 is divided by 49.
44
What is the remainder when 26527 is divided by 9?
4
What is the remainder when 574900 is divided by 5323?
16
Calculate the remainder when 3799 is divided by 3034.
765
Calculate the remainder when 20863 is divided by 77.
73
Calculate the remainder when 7256 is divided by 866.
328
What is the remainder when 18287 is divided by 2?
1
Calculate the remainder when 33585 is divided by 120.
105
What is the remainder when 97599 is divided by 5741?
2
What is the remainder when 718 is divided by 23?
5
Calculate the remainder when 2527424 is divided by 75.
74
What is the remainder when 10920 is divided by 42?
0
What is the remainder when 66103 is divided by 48?
7
Calculate the remainder when 962 is divided by 930.
32
What is the remainder when 274985 is divided by 61?
58
Calculate the remainder when 6087 is divided by 30.
27
What is the remainder when 536 is divided by 268?
0
Calculate the remainder when 14670 is divided by 4860.
90
Calculate the remainder when 24485 is divided by 4894.
15
Calculate the remainder when 7093 is divided by 375.
343
What is the remainder when 2358 is divided by 661?
375
What is the remainder when 1462 is divided by 61?
59
What is the remainder when 3905 is divided by 93?
92
What is the remainder when 86169 is divided by 342?
327
What is the remainder when 3497315 is divided by 21?
17
Calculate the remainder when 155820 is divided by 2641.
1
Calculate the remainder when 241914 is divided by 27.
21
What is the remainder when 377 is divided by 30?
17
What is the remainder when 4318 is divided by 51?
34
Calculate the remainder when 30906 is divided by 122.
40
What is the remainder when 4311 is divided by 3549?
762
Calculate the remainder when 15353 is divided by 1523.
123
What is the remainder when 10623 is divided by 69?
66
Calculate the remainder when 966 is divided by 247.
225
Calculate the remainder when 8996 is divided by 704.
548
What is the remainder when 5466673 is divided by 25?
23
What is the remainder when 2063 is divided by 58?
33
Calculate the remainder when 3025 is divided by 86.
15
What is the remainder when 9990 is divided by 829?
42
What is the remainder when 40203 is divided by 201?
3
What is the remainder when 491878 is divided by 39?
10
What is the remainder when 4147 is divided by 1356?
79
Calculate the remainder when 233368 is divided by 21210.
58
What is the remainder when 79537 is divided by 58?
19
What is the remainder when 438 is divided 